 (3 - 8 - (-9 + 6)).
-12
Calculate -33 + 25 + 5 + (7 - 12).
-8
41 + -36 + (-4 + 2 - (19 - 4))
-12
Calculate -28 - (4 + (-9 - 9)).
-14
What is the value of -10 + 4 + (-13 - -12)?
-7
Calculate 2 - -10 - (61 - 59).
10
3 - 31 - (7 - 2) - (-31 - -24)
-26
What is the value of (18 - (-2 - -26)) + (2 - 2 - -14)?
8
Evaluate -24 + 5 - (6 + -13 + (18 - 8)).
-22
Evaluate 15 + (-5 - -9) + -6.
13
What is the value of (-3 - 19) + (71 - 62)?
-13
Evaluate -10 + ((2 - -1) + -2 - (-31 - -35)).
-13
What is the value of -2 + 1 + 18 + -5?
12
Evaluate 5 - (-4 + 6) - (-16 + 12 + -20).
27
What is (-19 + 16 - (0 + -2)) + (-1 - 0)?
-2
What is (0 - (11 + -21)) + -10?
0
What is the value of 14 - (12 + 7 + -3 + -5)?
3
(-10 - (-2 + -9 + 16)) + 3
-12
What is the value of -73 + (35 - -11) - -21?
-6
What is the value of (-8 - (17 + -13 - 22)) + -30?
-20
(4 + -4 - (7 + -6)) + -17 + -2
-20
Calculate -8 + 2 - 14 - 5.
-25
9 + (-21 - (-12 + 23))
-23
What is 13 - (1 - -6) - (6 - -3 - 5)?
2
What is 2 - -8 - 4 - 8?
-2
(-2 - (7 - 4)) + (-45 - -76)
26
What is (-6 + (-6 - -1) + 7 - -1) + 12?
9
(6 - (-2 + -2 - -12)) + 5 + -15
-12
Calculate 15 + (-4 - (22 + -11)) - -13.
13
What is 27 + -28 + -41 + 55?
13
Calculate -1 - -5 - -8 - ((-4 - 2) + 15).
3
Calculate -12 + -6 + 18 + 1 + -25.
-24
Evaluate (4 - 3) + -10 + -114 + 118.
-5
Evaluate -21 + 12 - (2 + -8) - -2.
-1
What is (10 - 29 - 4) + 9?
-14
What is the value of -7 - (13 - 3) - (-2 - -4 - 5)?
-14
What is 5 - (26 - (15 + -9 + 5))?
-10
Calculate -9 + (-8 + -2 - (-2 - 0)).
-17
-1 + 0 + (-24 - -26) + -9 + 4
-4
Calculate (-24 + 14 - 10) + 26.
6
Evaluate -5 + 1 - (0 + 3 - (-32 + 39)).
0
-27 + (15 - 0) + 4
-8
What is (37 - (-12 + 47 + -15)) + -3 + -1?
13
What is (-7 - -38 - 19) + -29?
-17
625 + -623 - (1 + 1 - (-25 - 2))
-27
Calculate 28 + -1 + (-6 - 6 - (-14 + 7)).
22
Calculate -11 - (-3 + 7 + -4) - -6.
-5
What is -22 + 24 + 14 + -5?
11
Evaluate 17 + (-27 - (6 - 10)).
-6
What is the value of 23 - 48 - 16 - -39?
-2
Calculate (-25 - -68 - 33) + -32.
-22
Calculate -13 + 0 - (27 + -50).
10
What is the value of (2 - 6) + -5 - (0 + -2 - 21)?
14
What is (3 - 4) + 33 + -16?
16
Evaluate 7 + (8 - -23 - 17).
21
Evaluate (-10 - (-1 + -1)) + (29 - 23) + -3.
-5
Evaluate -8 + 9 + (6 - 5 - 1) + 0.
1
What is the value of 4 - ((11 - -8 - 3 - 9) + -16)?
13
What is (-14 - (-15 + 1)) + -8?
-8
(28 - -7 - 10) + -14 - -5
16
(-9 - -11 - -10) + (-2 - 0)
10
Calculate 13 + (-3 - ((-8 - -6) + 7)).
5
What is 0 + (3 - 9) - ((11 - 28) + 9)?
2
What is -146 + 157 - (-3 + 2)?
12
Calculate -16 - (-10 - (-4 + 11 + -25) - 1).
-23
What is 2 - 4 - (189 + -174)?
-17
Evaluate 17 + (-47 + 1 - (-196 + 193)).
-26
Calculate (21 - 42) + (-14 - -31).
-4
15 - (-3 + 4 + (1 - -3) + -8)
18
0 + (9 - (-2 + 6) - (-12 + 8))
9
What is the value of 4 - (-1 + 20 + -14 + 10)?
-11
Calculate 5 + (-106 - -95) + (-1 - (10 - -1)).
-18
Evaluate (-2 - -13) + -67 + 46.
-10
7 - 0 - (-22 - -16) - 7 - -2
8
Evaluate (7 - (9 + 4) - -3) + 2 + 3.
2
What is the value of 0 + 22 + 10 + (-5 - 14)?
13
What is (-7 - -8) + 4 + (7 + -16 - -37)?
33
Calculate -220 + 229 - (2 + (2 - 3)).
8
What is the value of 46 + -20 + (-16 - -4) - -1?
15
-9 - ((0 - (-8 + 6)) + -5)
-6
What is 0 - 12 - ((3 - -13) + -5)?
-23
-38 + (30 - -1) - (-2 + 2 + -11)
4
Evaluate (-22 - 0) + 47 + -20.
5
Evaluate -5 - (7 + (9 + -6 - (1 + 1))).
-13
0 - 6 - -4 - (1 - -1 - 2)
-2
What is 39 + -54 + -1 + 2 - -16?
2
-25 + 24 - (12 + -12 - (0 + 3))
2
What is the value of -102 - -116 - (10 - 8)?
12
Calculate -24 + (-8 - (3 + -21) - 1).
-15
Calculate 2 + 18 + -3 + (0 - 1 - -2).
18
6 - -5 - (-5 + (19 - 25))
22
Calculate 1 + -1 + 3 + (13 + -1 - 13).
2
Evaluate -22 + 1 - (549 - 586).
16
What is the value of -12 + (19 + -12 - 9) - -25?
11
What is -24 + -8 + 20 + -15?
-27
What is 1 - -8 - (216 + -214)?
7
Evaluate (-2 - -14) + 35 + 49 + -83.
13
Calculate 4 - (-5 - 20) - 31.
-2
What is (-3 - -11) + (-10 - -8) + 3?
9
3 + (3 - -2) + -2 + -8 + 17
15
Calculate (-2 - 3) + -1 - 0 - -3.
-3
What is (7 - 3) + -8 + 2?
-2
Evaluate 1 + -6 + 10 + -22 + -4.
-21
6 - (-14 - 10 - -47)
-17
Calculate -10 - -9 - -8 - 3.
4
Evaluate -15 - -7 - (-16 + 8 + 12).
-12
Evaluate 4 - (3 - (10 + (5 - 13))).
3
Calculate (11 - (-1 - 1)) + -60 + 63.
16
What is the value of 7 + -51 + 37 + 17?
10
What is 0 + (-3 - -6) + -6 - 4?
-7
Evaluate (4 - (10 + 7)) + 21.
8
Calculate 15 + -19 + (-3 - 1) + -5 + 12.
-1
What is (5 - (1 + 4)) + (-11 - (-13 + -20))?
22
0 - (4 + -6 - (-6 + -1) - -4)
-9
Calculate 12 - (-27 + 51 - 2).
-10
What is the value of (29 - 20) + 13 + 13?
35
Evaluate 2 + 1 - (21 - 30).
12
Evaluate -29 + (2 - -7 - (35 + -37)).
-18
What is -8 + 31 + -34 - 18?
-29
What is the value of (24 - 10) + (-9 - -7 - -1 - 8)?
5
Evaluate -59 - (2 + -37) - -22.
-2
Calculate (-13 - -11) + (-3 - 1) - (22 - 29).
1
Calculate 2 + -1 - (14 + -29 + -8).
24
(2 - 12) + 22 + -27
-15
Calculate -15 - (-8 + -24 - -8) - (-4 + 2).
11
-94 + 99 + (2 - 4)
3
Evaluate 18 + (-17 - (-14 - -9)).
6
Evaluate -3 + (4 - -1) + -9 + 6 - 15.
-16
-14 + -1 + 10 + 13
8
What is (3 - 22) + (9 - -1)?
-9
Calculate -31 + 59 + (-32 - -13).
9
Evaluate 6 - (11 + 14 + -26).
7
Evaluate -7 + (23 + -21 + (-5 - 2) - -6).
-6
Evaluate 0 + 1 + 7 + -3 - (-9 + 15).
-1
What is the value of (7 - (8 - -16)) + 21?
4
What is (23 - -2) + -3 + (13 - 1 - 15)?
19
What is the value of 8 - 15 - (-3 - -2)?
-6
Calculate -42 - -23 - -47 - 14.
14
What is the value of (4 - -11 - 10) + -6 + -16 + -2?
-19
Calculate (20 - (-5 + (7 - -3) - 0)) + -7.
8
Evaluate -33 + (91 - 26) - 19.
13
What is (1 - 1) + (-48 - (45 - 101))?
8
Calculate (-7 - (-3 - -2)) + (64 - (18 - -32)).
8
(1 - 25) + 27 + (-29 - -2)
-24
-6 + (1 - (0 + 7 + -14))
2
What is the value of 30 + -28 + -11 - -37?
28
Calculate 6 - (-4 + 0 - (4 + -5)).
9
Calculate (11 - (-5 + 3)) + 0.
13
What is (-5 + 1 - 17) + (17 + -9 - 4)?
-17
What is the value of (-37 + 1 - -45) + 1 + -39?
-29
What is (-1 - 3 - (-4 - 5)) + 5?
10
Calculate (-8 - 2) + (-74 - -72).
-12
Evaluate -28 + (-5 - (-8 + 8 + -5)) - -6.
-22
Evaluate 8 + -17 + 18 - (26 - (-2 + -4)).
-23
Evaluate -6 - (-64 - -54 - (3 + -2 - 6)).
-1
What is the value of (-1 - 3) + -7 + 1 + -2?
-12
Evaluate 15 - (10 - (7 - (-2 - 4))).
18
Calculate 3 - (2 - 12) - (-3 + (13 - 10)).
13
What is the value of (2 - (-10 - -2 - -2)) + -15?
-7
What is the value of -17 + 19 + -7 + 10?
5
Calculate -9 - 4 - -16 - (-2 - (-2 - -1)).
4
What is the value of -367 + 359 + (12 - -2)?
6
What is the value of 7 - (-9 + 31) - (-9 - (-5 + 3))?
-8
Evaluate 9 - (-8 - -25) - (-10 + -1).
3
What is the value of 31 - 9 - 29 - (0 + -1)?
-6
What is the value of (32 + -59 - 8) + 2 + (6 - 0)?
-27
Evaluate -6 - (8 + -1) - (-8 + 2).
-7
16 + (9 - 4) + -9 + -9
3
-17 + 7 + 4 + -24 + 4
-26
What is the value of 2 + 3 + (-29 - -7 - -20)?
3
Evaluate -2 + -1 + -3 + 0 - (131 + -144).
7
Calculate 1 + -10 + 10 + 19 + (-8 - -9).
21
What is the value of -17 + (12 - 6) + -13?
-24
What is (19 - (12 - -1)) + -9 + -20?
-23
Evaluate 1 + ((-8 - -3) + 4 - 3) - -15.
12
Calculate 36 + -41 - (-6 + 0).
1
What is 1 - (-7 + 1 + 6 + (-9 - -4))?
6
What is -14 + -8 + -10 + 19?
-13
1 + (-6 - 3 - 8 - -9)
-7
Calculate -8 + -17 + 16 + 1.
-8
What is the value of (1 - 14 - 1) + (562 - 566)?
-18
Evaluate 0 + 2 + (-18 - -21) + 7.
12
-11 - -3 - (6 + (-14 - -25) + -18)
-7
What is 5 + -11 + (2 + -5 - (1 + -7))?
-3
What is the value of -6 + 11 + 2 - (-1 - -2)?
6
What is the value of (180 - 180) + -2 + -2 + 2?
-2
What is the value of 3 - (3 - (-13 - -8 - -9))?
4
86 - 112 - (-3 + 3 + -7)
-19
Evaluate -2 + 12 + -3 + -51 - -16.
-28
-20 - ((-12 - 2) + (6 - (5 - 6)))
-13
What is 7 - (-6 + 2 - (-14 - -35 - 12))?
20
Calculate 5 + 0 + 2 + -2 + 12 + -39.
-22
15 + 1 + (653 - 688)
-19
Calculate 8 + 12 + -26 + (3 - 6).
-9
Calculate 104 - 94 - (-3 + 12).
1
What is the value of 0 + (2 - 6) - (0 - 0)?
-4
Calculate (1 - -20 - 2 - -1) + 56 + -63.
13
Calculate 21 + 10 - 19 - -6.
18
Evaluate 304 + -307 + (-3 - -1) + -1.
-6
-2 + 9 + -6 - ((1 - -5) + -7)
2
What is 13 + -9 + (-25 - -1)?
-20
Evaluate -10 - -1 - (-3 - 3) - 3 - -5.
-1
What is -8 + (1 + 10 - (-18 - (-8 + -16)))?
-3
(-6 - -4 - -16) + (-18 - (-5 + -4))
5
What is the value of 0 + (8 - (-3 - (-7 + -7)))?
-3
Calculate (2 - 3) + (13 - (6 + 7 + 0)).
-1
What is 1 - -1 - 0 - (-5 + -52 + 54)?
5
What is -29 - (0 - 0) - (-1661 + 1658)?
